{"id":604,"date":"2016-12-30T11:08:11","date_gmt":"2016-12-30T11:08:11","guid":{"rendered":"http:\/\/www.lanochedelloro.es\/?page_id=604"},"modified":"2019-12-02T18:41:52","modified_gmt":"2019-12-02T18:41:52","slug":"sierra-de-gredos","status":"publish","type":"page","link":"https:\/\/www.lanochedelloro.es\/index.php\/sierra-de-gredos\/","title":{"rendered":"SIERRA DE GREDOS"},"content":{"rendered":"<ul>\n<li><a href=\"https:\/\/www.lanochedelloro.es\/wp-content\/uploads\/2017\/03\/1torozoAcces.png\">El Torozo: acceso<\/a><\/li>\n<li><a href=\"https:\/\/www.lanochedelloro.es\/wp-content\/uploads\/2017\/03\/2torozoQuercus.png\">El Torozo: Espol\u00f3n Quercus<\/a> (J.Garrig\u00f3s)<\/li>\n<li><a href=\"https:\/\/www.lanochedelloro.es\/wp-content\/uploads\/2017\/03\/3torozoGalayos1.png\">El Torozo: Galayos 1<\/a><\/li>\n<li><a href=\"https:\/\/www.lanochedelloro.es\/wp-content\/uploads\/2017\/03\/4torozoGalayos2.png\">El Torozo: Galayos 2<\/a> (J.Garrig\u00f3s)<\/li>\n<li><a href=\"https:\/\/www.lanochedelloro.es\/wp-content\/uploads\/2017\/03\/5torozoGuirles.png\">El Torozo: Guirles-Campos<\/a><\/li>\n<li><a href=\"https:\/\/www.lanochedelloro.es\/wp-content\/uploads\/2017\/03\/6torozoTangerine.png\">El Torozo: Tangerine Dream<\/a><\/li>\n<li><a href=\"https:\/\/www.lanochedelloro.es\/wp-content\/uploads\/2017\/03\/1galayosanegraOeste.png\">Galayos-Aguja Negra: Cara Oeste<\/a><\/li>\n<li><a href=\"https:\/\/www.lanochedelloro.es\/wp-content\/uploads\/2017\/03\/2berroquerasSuroeste1.png\">Galayos-Las Berroqueras: Espol\u00f3n Suroeste (I)<\/a><\/li>\n<li><a href=\"https:\/\/www.lanochedelloro.es\/wp-content\/uploads\/2017\/03\/3berroquerasSuroeste2.png\">Galayos-Las Berroqueras: Espol\u00f3n Suroeste (II)<\/a><\/li>\n<li><a href=\"https:\/\/www.lanochedelloro.es\/wp-content\/uploads\/2017\/03\/4amezuaGerardo1.png\">Galayos-Torre Amezua: Gerardo-Rafa (I)<\/a><\/li>\n<li><a href=\"https:\/\/www.lanochedelloro.es\/wp-content\/uploads\/2017\/03\/5amezuaGerardo2.png\">Galayos-Torre Amezua: Gerardo-Rafa (II)<\/a><\/li>\n<li><a href=\"https:\/\/www.lanochedelloro.es\/wp-content\/uploads\/2017\/03\/6torreonMalagon.png\">Galayos-Torre\u00f3n: Diedro Malag\u00f3n<\/a><\/li>\n<li><a href=\"https:\/\/www.lanochedelloro.es\/wp-content\/uploads\/2017\/03\/1villarejoU\u00f1as.png\">Torre de Villarejo: Como me gustan las u\u00f1as de tus pies<\/a><\/li>\n<li><a href=\"https:\/\/www.lanochedelloro.es\/wp-content\/uploads\/2017\/03\/2villarejoAltieri.png\">Torre de Villarejo: Esteban Altieri<\/a><\/li>\n<li><a href=\"https:\/\/www.lanochedelloro.es\/wp-content\/uploads\/2017\/03\/3villarejoJack.png\">Torre de Villarejo: Jack Daniels<\/a><\/li>\n<li><a href=\"https:\/\/www.lanochedelloro.es\/wp-content\/uploads\/2017\/03\/4villarejoLipotitos.png\">Torre de Villarejo: Lipotitos flotantes<\/a><\/li>\n<\/ul>\n","protected":false},"excerpt":{"rendered":"<p>El Torozo: acceso El Torozo: Espol\u00f3n Quercus (J.Garrig\u00f3s) El Torozo: Galayos 1 El Torozo: Galayos 2 (J.Garrig\u00f3s) El Torozo: Guirles-Campos El Torozo: Tangerine Dream Galayos-Aguja Negra: Cara Oeste Galayos-Las Berroqueras: Espol\u00f3n Suroeste (I) Galayos-Las Berroqueras: Espol\u00f3n Suroeste (II) Galayos-Torre Amezua: Gerardo-Rafa (I) Galayos-Torre Amezua: Gerardo-Rafa (II) Galayos-Torre\u00f3n: Diedro Malag\u00f3n Torre de Villarejo: Como me gustan &hellip; <a href=\"https:\/\/www.lanochedelloro.es\/index.php\/sierra-de-gredos\/\" class=\"more-link\">Seguir leyendo <span class=\"screen-reader-text\">SIERRA DE GREDOS<\/span> <span class=\"meta-nav\">&rarr;<\/span><\/a><\/p>\n","protected":false},"author":1,"featured_media":4488,"parent":0,"menu_order":0,"comment_status":"closed","ping_status":"closed","template":"","meta":{"footnotes":""},"class_list":["post-604","page","type-page","status-publish","has-post-thumbnail","hentry"],"_links":{"self":[{"href":"https:\/\/www.lanochedelloro.es\/index.php\/wp-json\/wp\/v2\/pages\/604","targetHints":{"allow":["GET"]}}],"collection":[{"href":"https:\/\/www.lanochedelloro.es\/index.php\/wp-json\/wp\/v2\/pages"}],"about":[{"href":"https:\/\/www.lanochedelloro.es\/index.php\/wp-json\/wp\/v2\/types\/page"}],"author":[{"embeddable":true,"href":"https:\/\/www.lanochedelloro.es\/index.php\/wp-json\/wp\/v2\/users\/1"}],"replies":[{"embeddable":true,"href":"https:\/\/www.lanochedelloro.es\/index.php\/wp-json\/wp\/v2\/comments?post=604"}],"version-history":[{"count":4,"href":"https:\/\/www.lanochedelloro.es\/index.php\/wp-json\/wp\/v2\/pages\/604\/revisions"}],"predecessor-version":[{"id":1688,"href":"https:\/\/www.lanochedelloro.es\/index.php\/wp-json\/wp\/v2\/pages\/604\/revisions\/1688"}],"wp:featuredmedia":[{"embeddable":true,"href":"https:\/\/www.lanochedelloro.es\/index.php\/wp-json\/wp\/v2\/media\/4488"}],"wp:attachment":[{"href":"https:\/\/www.lanochedelloro.es\/index.php\/wp-json\/wp\/v2\/media?parent=604"}],"curies":[{"name":"wp","href":"https:\/\/api.w.org\/{rel}","templated":true}]}}